Let l(i) = 26*i - 8. What is the units digit of l(w)?
6
Let n = 9028 - -2092. What is the units digit of n?
0
Let c(j) = 389*j**2 - 484*j - 27. What is the ten thousands digit of c(-9)?
3
Let w be (7/(-2))/((-1)/(-276)). Let h = -444 - w. What is the tens digit of h?
2
Let i be 4 + (1 - (-1 - -5) - 1). Let r(j) = 2*j**2 + 11*j - 2. Let k be r(-6). Suppose 2*o = k*u - 154, -2*o = -i*u + 3*u - 112. What is the units digit of u?
8
Suppose 0 = -1359*q + 1322*q + 2708437. What is the ten thousands digit of q?
7
Suppose -95488 = 915*i - 923*i. What is the tens digit of i?
3
Let k be (-10)/5*15/(-6). Suppose -892 = -k*w + 1913. What is the units digit of w?
1
Let n(x) = 842*x - 28. What is the thousands digit of n(4)?
3
Suppose -5*w = 3*d - w - 247, -3*w - 159 = -2*d. Suppose -8*z - d = -241. What is the hundreds digit of 2421/15 - 8/z?
1
Suppose -3*f - 241 = -1. What is the units digit of (f/(-140))/(4/2338)?
4
Let f(g) = 4031*g - 2016. What is the hundreds digit of f(5)?
1
Suppose 73*f - 3 = 74*f, 3*f = -5*i + 51846. What is the thousands digit of i?
0
Let u = 17361 - 15684. What is the hundreds digit of u?
6
Let q = -87 + 1095. Suppose -2*y - q = -6*y. What is the hundreds digit of y?
2
Let s = 28501 - 18725. What is the hundreds digit of s?
7
Suppose -214*z + 5*q = -216*z + 63643, 7 = -q. What is the units digit of z?
9
Let t(c) = -c - 79. Let x be t(-17). Let a = -60 - x. Suppose -a*y + 0*l + 5*l + 314 = 0, -3*y + 3*l = -489. What is the hundreds digit of y?
1
Let m = 13 + -8. Let p(z) = -52 + 105 + z**3 - 57 + 0*z**2 - z - z**2 - 2*z. What is the tens digit of p(m)?
8
Let v be -1 - (-8)/(-12)*(-2445)/10. Suppose -j = -326 - v. What is the tens digit of j?
8
Let t be (0/(-2))/(44/33*-3). Suppose 4*o + 2356 = 2*j, -4700 = -4*j + 5*o - t*o. What is the units digit of j?
0
Suppose 0 = -17*x + 84*x - 42*x - 930475. What is the tens digit of x?
1
Let r be (-1 + (-46)/8)*(-48)/18. What is the units digit of r/(-4)*534/(-9)?
7
Let a be (-668)/6*108/72. Let t = a - -368. What is the hundreds digit of t?
2
Let r(k) = -2*k**2 - 28*k + 30. Let w be r(-15). Suppose 12*m + 2 - 62 = w. Suppose -b + 153 = 3*d, -b = -m*b + 12. What is the tens digit of d?
5
Suppose 3*q = -3*x + 20964, 21*x = 16*x + 5*q + 34960. What is the tens digit of x?
9
Let k(n) be the first derivative of -635*n**2 + 3*n - 14. Let c be k(-3). What is the tens digit of (-12)/54 - c/(-27)?
4
Let a be (-15)/(-10)*(3 - 1). Suppose 55 = a*s + 1. What is the tens digit of 2/4 - (-1161)/s?
6
Let j(y) = -12*y + 6. Let k be ((-36)/48)/(2/(-48)). Let x be j(k). Let m = 294 + x. What is the units digit of m?
4
Let p(u) = -3*u**3 - 53*u**2 + u + 36. What is the hundreds digit of p(-26)?
9
Let x = -645 + 648. Suppose 2*y - 1198 = -x*k, 21*k - 22*k - 5*y = -421. What is the tens digit of k?
9
Let a = 51149 - 24223. What is the ten thousands digit of a?
2
Suppose -6*w + 108 = -336. Suppose 0 = -5*j + 3*b + 344, -j - b + w = b. Suppose -2*g = -4*c - j - 76, -3*g - 3*c = -210. What is the units digit of g?
1
Let a(s) = -s**3 + 8*s**2 - 2*s + 18. Let w be a(8). What is the units digit of ((-2761)/(-9) - w) + 76/342?
5
Suppose 4*u - 125 = 5*f, -u + 25 = -0*f + 5*f. What is the hundreds digit of 16180/u*((-7)/(-2) + -2)?
8
Let r be -2*(8 - (-65)/(-5)). Suppose 0 = -5*n + r, -3*s + 0*s = -n - 2473. What is the units digit of s?
5
Suppose -s + 1552 = -4*c + 3*c, 5*c + 7759 = 4*s. Let j = 1080 + c. What is the tens digit of j/(-12) + (-4)/16?
3
Let x be (-15)/(-3 - 2) - -26. Let d = x + 1. What is the units digit of d?
0
Suppose 132*o = 126*o + 56682. What is the units digit of o?
7
Let q be (-1 + -69)*(-114)/(-133). Let o be (12/(-10))/(6/q). What is the units digit of 9/o + (-250)/(-8)?
2
Suppose -3*s + 4*h + 2*h + 53988 = 0, -3*s = -3*h - 53988. What is the tens digit of s?
9
Let r = -230 - -547. Let y = r + 263. What is the units digit of y?
0
Let i(z) = 3*z**2 - 91*z + 35. Let b be i(30). Suppose -34 - 126 = -d - b*h, -3*d + 390 = -3*h. What is the hundreds digit of d?
1
Suppose 4*u + 2*c - 11050 - 2712 = 0, -3*u - 2*c + 10321 = 0. Suppose 0 = 6*p - u + 405. What is the tens digit of p?
0
Suppose 5*f - 3*o - 1802 + 15 = 0, 0 = -3*f - 5*o + 1113. What is the units digit of f?
1
Let j(w) = 478*w**2 + 185*w + 13. What is the tens digit of j(-7)?
4
Suppose -67*y - 242544 = -463*y + 1095936. What is the tens digit of y?
8
Suppose -2*d - 181*k + 51557 = -182*k, -2*d = -5*k - 51529. What is the thousands digit of d?
5
Suppose 0 = -0*d - 6*d + 15396 + 16716. What is the hundreds digit of d?
3
Let w be ((-16)/(-10))/((-22)/(-55)). Suppose 2*i = w*p - 44, 12 = 2*p + 4. Let t(d) = d**2 + 4*d + 11. What is the units digit of t(i)?
1
Suppose -4*m = 2*w - 14246, 16*m - 20*m + 28480 = 4*w. What is the units digit of w?
7
Let o be (-2)/8 - 793/(-4). Suppose -13*b - 1190 + 213 = 271. Let f = o + b. What is the tens digit of f?
0
Let c(v) be the third derivative of v**5/30 + 5*v**4/24 - 6*v**3 - 54*v**2. What is the units digit of c(-7)?
7
Let j(x) = -4*x - 30. Let l be j(-10). Let f = 8 - l. What is the tens digit of f + ((-12)/5)/(6/(-375))?
4
What is the tens digit of 0 + -1 - (3899305/(-897) - (-8)/156)?
4
Let i be (-313 - 2) + 0 - -1. Suppose 4669 - 44254 = -87*r. Let z = r + i. What is the hundreds digit of z?
1
What is the thousands digit of (((-407)/3)/(1/2))/(4/(-18))?
1
Let g be 1*(-1 + -3 + 7). Suppose -g*m = m - 376. What is the units digit of m?
4
Suppose -15*l = 21*l + 7889 - 45401. What is the thousands digit of l?
1
Let m(b) = -11 + b + 9 + b**2 + 16. What is the units digit of m(-5)?
4
Let x = -421 - -272. Let t = x - -230. Suppose -t = 4*g - 653. What is the units digit of g?
3
Suppose b - 1083 - 383 = 0. Suppose -2*p = -6, -2*p = -10*i + 12*i - b. What is the hundreds digit of i?
7
Let h(k) = 7*k**2 - 4*k - 4. Let c(a) = a**3 + 22*a**2 - 4. Let i be c(-22). What is the units digit of h(i)?
4
Suppose i - u - 30 = 12, -5*i + 212 = -3*u. Suppose 39*o = i*o - 4076. What is the thousands digit of o?
1
Let m be (11/(385/21))/((-2)/(-30)). What is the hundreds digit of -5 + m - (-198 - 6/3)?
2
Let n = 135 - 19. What is the hundreds digit of (630/168)/(1 - 115/n)?
4
Let w = -6 + 79. Suppose -w - 1232 = 5*v. Let p = v - -509. What is the hundreds digit of p?
2
Let x = -50188 - -96346. What is the units digit of x?
8
Suppose -6*m = -m - 4*d - 12346, 5*d + 7418 = 3*m. What is the units digit of m?
6
Let d(z) be the second derivative of z**5/20 + 8*z**4/3 + 41*z**3/6 - 5*z - 7. What is the tens digit of d(-30)?
7
Let x(j) = -6 + j**3 + 6*j**3 + 10*j - 6*j**3 - 10*j**2. What is the units digit of x(10)?
4
Let y = 32 - 24. Suppose 4*c - y = -3*u - 2*u, 2*c - 2 = -2*u. What is the units digit of (64 - c/(-1)) + 3?
4
Suppose -31*c + 136737 + 82805 = 0. What is the tens digit of c?
8
Let i = -11395 - -18153. Suppose 0 = 32*n - i - 4506. What is the hundreds digit of n?
3
Let i(f) = -1314*f**2 - 39*f - 5. Let x be i(-6). What is the tens digit of x/(-100) + 3/12?
7
Let a be (-585)/6 + (-2)/(-4). What is the tens digit of (-14 - a) + (3 - 1)?
8
Suppose -36897 = -5956*f + 5949*f. What is the hundreds digit of f?
2
Let m = -96 + 91. Let b(n) = -308*n - 217. What is the tens digit of b(m)?
2
Let c be (-4 - -3)/(4/(-8)). Let t be -1*(1 - c)*13. Let l = 59 - t. What is the units digit of l?
6
Let b = -8 + -3. Let c(a) = -3*a**2 - 3 - a**2 + 5*a + 5*a**2. What is the units digit of c(b)?
3
Let q(j) = 66 - 27 - 27*j + 40*j + 7*j**2 + 3*j**2. What is the hundreds digit of q(-6)?
3
Let n(r) = -18*r - 50. Let x be n(-3). Suppose 1535 = 5*k + 4*d, -x*k + 5*d - 70 = -1339. What is the units digit of k?
1
What is the tens digit of (14/((-168)/(-297)))/(1*9/4944)?
9
Let p = -22 + 23. Let b be (-4 - -8) + -1*p. What is the tens digit of b/((-9)/12) - -44?
4
Suppose 52*f - 529120 = 12*f. What is the tens digit of f?
2
What is the thousands digit of (-2175776)/(-224) - 96/42?
9
Let p be (18/12)/(6/(-1732)). Let o = 1021 + p. What is the hundreds digit of o?
5
Suppose 0 = -4*o - 5*m + 10, -3*o = -4*m - 1 + 9. Suppose 5 = -w, -2*s + 7*s + 5*w - 3600 = o. What is the hundreds digit of s?
7
Let z be 4976/6*(-12)/8. Let o = -758 - z. Let k = o + -190. What is the units digit of k?
6
Suppose 972 = 3*n + 330. Suppose 2*s + 4*y = 138, 3*s = -y 